{"id":950,"date":"2023-09-01T21:17:57","date_gmt":"2023-09-01T19:17:57","guid":{"rendered":"https:\/\/ftkpavocats.com\/?page_id=950"},"modified":"2026-03-20T17:10:35","modified_gmt":"2026-03-20T16:10:35","slug":"frederic-sabourin-cote","status":"publish","type":"page","link":"https:\/\/ftkpavocats.com\/en\/our-team\/frederic-sabourin-cote\/","title":{"rendered":"Me Fr\u00e9d\u00e9ric Sabourin-C\u00f4t\u00e9"},"content":{"rendered":"<p>[et_pb_section fb_built=&#8221;1&#8243; custom_padding_last_edited=&#8221;on|phone&#8221; _builder_version=&#8221;4.19.4&#8243; _module_preset=&#8221;default&#8221; background_color=&#8221;#d7cdc3&#8243; custom_padding=&#8221;55px||55px||true|false&#8221; custom_padding_tablet=&#8221;55px||55px||true|false&#8221; custom_padding_phone=&#8221;15px||15px||true|false&#8221; global_colors_info=&#8221;{}&#8221;][et_pb_row custom_padding_last_edited=&#8221;on|phone&#8221; _builder_version=&#8221;4.19.4&#8243; _module_preset=&#8221;default&#8221; width_tablet=&#8221;&#8221; width_phone=&#8221;100%&#8221; width_last_edited=&#8221;on|phone&#8221; custom_padding_tablet=&#8221;&#8221; custom_padding_phone=&#8221;|5vw||5vw|false|true&#8221; global_colors_info=&#8221;{}&#8221;][et_pb_column type=&#8221;4_4&#8243; _builder_version=&#8221;4.16&#8243; _module_preset=&#8221;default&#8221; global_colors_info=&#8221;{}&#8221;][et_pb_text _builder_version=&#8221;4.23.1&#8243; _module_preset=&#8221;default&#8221; header_font_tablet=&#8221;&#8221; header_font_phone=&#8221;|700|||||||&#8221; header_font_last_edited=&#8221;on|phone&#8221; global_colors_info=&#8221;{}&#8221;]<\/p>\n<h1>M\u1d49 Fr\u00e9d\u00e9ric Sabourin-C\u00f4t\u00e9<\/h1>\n<p>[\/et_pb_text][\/et_pb_column][\/et_pb_row][\/et_pb_section][et_pb_section fb_built=&#8221;1&#8243; custom_padding_last_edited=&#8221;on|phone&#8221; _builder_version=&#8221;4.19.4&#8243; _module_preset=&#8221;default&#8221; custom_margin_tablet=&#8221;&#8221; custom_margin_phone=&#8221;0px||||false|false&#8221; custom_margin_last_edited=&#8221;on|phone&#8221; custom_padding_tablet=&#8221;&#8221; custom_padding_phone=&#8221;0px||||false|false&#8221; global_colors_info=&#8221;{}&#8221;][et_pb_row column_structure=&#8221;2_5,3_5&#8243; use_custom_gutter=&#8221;on&#8221; gutter_width=&#8221;2&#8243; custom_padding_last_edited=&#8221;on|phone&#8221; _builder_version=&#8221;4.19.4&#8243; _module_preset=&#8221;default&#8221; width_tablet=&#8221;&#8221; width_phone=&#8221;100%&#8221; width_last_edited=&#8221;on|phone&#8221; custom_margin_tablet=&#8221;&#8221; custom_margin_phone=&#8221;0px||0px||true|false&#8221; custom_margin_last_edited=&#8221;on|phone&#8221; custom_padding_tablet=&#8221;&#8221; custom_padding_phone=&#8221;0px||0px||true|false&#8221; global_colors_info=&#8221;{}&#8221; width__hover_enabled=&#8221;on|desktop&#8221;][et_pb_column type=&#8221;2_5&#8243; _builder_version=&#8221;4.16&#8243; _module_preset=&#8221;default&#8221; global_colors_info=&#8221;{}&#8221;][et_pb_image src=&#8221;https:\/\/ftkpavocats.com\/wp-content\/uploads\/2023\/09\/Frederic_1200x800.jpg&#8221; title_text=&#8221;Frederic_1200x800&#8243; module_class=&#8221;img-team&#8221; _builder_version=&#8221;4.21.0&#8243; _module_preset=&#8221;default&#8221; global_colors_info=&#8221;{}&#8221;][\/et_pb_image][et_pb_text _builder_version=&#8221;4.27.4&#8243; _module_preset=&#8221;default&#8221; text_font_size=&#8221;18px&#8221; text_line_height=&#8221;30px&#8221; custom_padding_tablet=&#8221;&#8221; custom_padding_phone=&#8221;|5vw||5vw|false|true&#8221; custom_padding_last_edited=&#8221;on|phone&#8221; global_colors_info=&#8221;{}&#8221;]<\/p>\n<p><strong>M\u1d49 Fr\u00e9d\u00e9ric Sabourin-C\u00f4t\u00e9<\/strong><br \/>Senior Associate Lawyer<br \/><a href=\"mailto:fsabourincote@ftkpavocats.com\">fsabourincote@ftkpavocats.com<\/a><br \/><a href=\"tel:514-394-7496\">(514) 394-7496 #2309<\/a><\/p>\n<p>[\/et_pb_text][et_pb_social_media_follow _builder_version=&#8221;4.27.4&#8243; _module_preset=&#8221;default&#8221; hover_enabled=&#8221;0&#8243; locked=&#8221;off&#8221; global_colors_info=&#8221;{}&#8221; sticky_enabled=&#8221;0&#8243;][et_pb_social_media_follow_network social_network=&#8221;linkedin&#8221; url=&#8221;https:\/\/www.linkedin.com\/in\/fr%C3%A9d%C3%A9ric-sabourin-c%C3%B4t%C3%A9-4265b3198\/&#8221; use_icon_font_size=&#8221;on&#8221; icon_font_size=&#8221;19px&#8221; _builder_version=&#8221;4.27.4&#8243; _module_preset=&#8221;default&#8221; background_color=&#8221;#007bb6&#8243; hover_enabled=&#8221;0&#8243; global_colors_info=&#8221;{}&#8221; follow_button=&#8221;off&#8221; url_new_window=&#8221;on&#8221; sticky_enabled=&#8221;0&#8243;]linkedin[\/et_pb_social_media_follow_network][\/et_pb_social_media_follow][\/et_pb_column][et_pb_column type=&#8221;3_5&#8243; _builder_version=&#8221;4.16&#8243; _module_preset=&#8221;default&#8221; global_colors_info=&#8221;{}&#8221;][et_pb_text _builder_version=&#8221;4.21.0&#8243; _module_preset=&#8221;default&#8221; text_line_height=&#8221;20px&#8221; text_orientation=&#8221;justified&#8221; custom_padding_tablet=&#8221;&#8221; custom_padding_phone=&#8221;|5vw||5vw|false|true&#8221; custom_padding_last_edited=&#8221;on|phone&#8221; global_colors_info=&#8221;{}&#8221;]<\/p>\n<p>M\u1d49 Fr\u00e9d\u00e9ric Sabourin-C\u00f4t\u00e9 focuses his practice on family law and youth protection since the very beginning of his career. He obtained his law degree from Universit\u00e9 Laval and distinguished himself during his studies by participating in the university&#8217;s legal clinic, where he accompanied his clients with empathy.<\/p>\n<p>M\u1d49 Sabourin-C\u00f4t\u00e9 regularly appears before the Court of Qu\u00e9bec and the Superior Court. He has also pleaded in appeal in various instances. He has worked on several high-profile cases, including domestic violence, parental alienation, child relocation requests and divorce cases involving complex financial issues.<\/p>\n<p>Having participated in numerous Settlement Conferences and private mediation sessions presided by retired judges, M\u1d49. Sabourin-C\u00f4t\u00e9 guides clients with professionalism in their divorce, child custody and adoption cases, as well as all your disputes involving the Director of Youth Protection.<\/p>\n<p>M\u1d49 Sabourin-C\u00f4t\u00e9 has developed a solid experience in cases requiring urgent involvement, notably in safeguard orders or requests for immediate protective measures in Youth Division.<\/p>\n<p>[\/et_pb_text][\/et_pb_column][\/et_pb_row][\/et_pb_section]<\/p>\n","protected":false},"excerpt":{"rendered":"<p>M\u1d49 Fr\u00e9d\u00e9ric Sabourin-C\u00f4t\u00e9M\u1d49 Fr\u00e9d\u00e9ric Sabourin-C\u00f4t\u00e9Senior Associate Lawyerfsabourincote@ftkpavocats.com(514) 394-7496 #2309M\u1d49 Fr\u00e9d\u00e9ric Sabourin-C\u00f4t\u00e9 focuses his practice on family law and youth protection since the very beginning of his career. He obtained his law degree from Universit\u00e9 Laval and distinguished himself during his studies by participating in the university&#8217;s legal clinic, where he accompanied his clients with empathy. [&hellip;]<\/p>\n","protected":false},"author":1,"featured_media":0,"parent":328,"menu_order":0,"comment_status":"closed","ping_status":"closed","template":"","meta":{"_et_pb_use_builder":"on","_et_pb_old_content":"","_et_gb_content_width":"","inline_featured_image":false,"episode_type":"","audio_file":"","podmotor_file_id":"","podmotor_episode_id":"","cover_image":"","cover_image_id":"","duration":"","filesize":"","filesize_raw":"","date_recorded":"","explicit":"","block":"","itunes_episode_number":"","itunes_title":"","itunes_season_number":"","itunes_episode_type":"","footnotes":""},"class_list":["post-950","page","type-page","status-publish","hentry"],"_links":{"self":[{"href":"https:\/\/ftkpavocats.com\/en\/wp-json\/wp\/v2\/pages\/950","targetHints":{"allow":["GET"]}}],"collection":[{"href":"https:\/\/ftkpavocats.com\/en\/wp-json\/wp\/v2\/pages"}],"about":[{"href":"https:\/\/ftkpavocats.com\/en\/wp-json\/wp\/v2\/types\/page"}],"author":[{"embeddable":true,"href":"https:\/\/ftkpavocats.com\/en\/wp-json\/wp\/v2\/users\/1"}],"replies":[{"embeddable":true,"href":"https:\/\/ftkpavocats.com\/en\/wp-json\/wp\/v2\/comments?post=950"}],"version-history":[{"count":0,"href":"https:\/\/ftkpavocats.com\/en\/wp-json\/wp\/v2\/pages\/950\/revisions"}],"up":[{"embeddable":true,"href":"https:\/\/ftkpavocats.com\/en\/wp-json\/wp\/v2\/pages\/328"}],"wp:attachment":[{"href":"https:\/\/ftkpavocats.com\/en\/wp-json\/wp\/v2\/media?parent=950"}],"curies":[{"name":"wp","href":"https:\/\/api.w.org\/{rel}","templated":true}]}}

Me Frédéric Sabourin-Côté

<p>[et_pb_section fb_built=&#8221;1&#8243; custom_padding_last_edited=&#8221;on|phone&#8221; _builder_version=&#8221;4.19.4&#8243; _module_preset=&#8221;default&#8221; background_color=&#8221;#d7cdc3&#8243; custom_padding=&#8221;55px||55px||true|false&#8221; custom_padding_tablet=&#8221;55px||55px||true|false&#8221; custom_padding_phone=&#8221;15px||15px||true|false&#8221; global_colors_info=&#8221;{}&#8221;][et_pb_row custom_padding_last_edited=&#8221;on|phone&#8221; _builder_version=&#8221;4.19.4&#8243; _module_preset=&#8221;default&#8221; width_tablet=&#8221;&#8221; width_phone=&#8221;100%&#8221; width_last_edited=&#8221;on|phone&#8221; custom_padding_tablet=&#8221;&#8221; custom_padding_phone=&#8221;|5vw||5vw|false|true&#8221; global_colors_info=&#8221;{}&#8221;][et_pb_column type=&#8221;4_4&#8243; _builder_version=&#8221;4.16&#8243; _module_preset=&#8221;default&#8221; global_colors_info=&#8221;{}&#8221;][et_pb_text _builder_version=&#8221;4.23.1&#8243; _module_preset=&#8221;default&#8221; header_font_tablet=&#8221;&#8221; header_font_phone=&#8221;|700|||||||&#8221; header_font_last_edited=&#8221;on|phone&#8221; global_colors_info=&#8221;{}&#8221;]</p>
<h1>Mᵉ Frédéric Sabourin-Côté</h1>
<p>[/et_pb_text][/et_pb_column][/et_pb_row][/et_pb_section][et_pb_section fb_built=&#8221;1&#8243; custom_padding_last_edited=&#8221;on|phone&#8221; _builder_version=&#8221;4.19.4&#8243; _module_preset=&#8221;default&#8221; custom_margin_tablet=&#8221;&#8221; custom_margin_phone=&#8221;0px||||false|false&#8221; custom_margin_last_edited=&#8221;on|phone&#8221; custom_padding_tablet=&#8221;&#8221; custom_padding_phone=&#8221;0px||||false|false&#8221; global_colors_info=&#8221;{}&#8221;][et_pb_row column_structure=&#8221;2_5,3_5&#8243; use_custom_gutter=&#8221;on&#8221; gutter_width=&#8221;2&#8243; custom_padding_last_edited=&#8221;on|phone&#8221; _builder_version=&#8221;4.19.4&#8243; _module_preset=&#8221;default&#8221; width_tablet=&#8221;&#8221; width_phone=&#8221;100%&#8221; width_last_edited=&#8221;on|phone&#8221; custom_margin_tablet=&#8221;&#8221; custom_margin_phone=&#8221;0px||0px||true|false&#8221; custom_margin_last_edited=&#8221;on|phone&#8221; custom_padding_tablet=&#8221;&#8221; custom_padding_phone=&#8221;0px||0px||true|false&#8221; global_colors_info=&#8221;{}&#8221; width__hover_enabled=&#8221;on|desktop&#8221;][et_pb_column type=&#8221;2_5&#8243; _builder_version=&#8221;4.16&#8243; _module_preset=&#8221;default&#8221; global_colors_info=&#8221;{}&#8221;][et_pb_image src=&#8221;https://ftkpavocats.com/wp-content/uploads/2023/09/Frederic_1200x800.jpg&#8221; title_text=&#8221;Frederic_1200x800&#8243; module_class=&#8221;img-team&#8221; _builder_version=&#8221;4.21.0&#8243; _module_preset=&#8221;default&#8221; global_colors_info=&#8221;{}&#8221;][/et_pb_image][et_pb_text _builder_version=&#8221;4.27.4&#8243; _module_preset=&#8221;default&#8221; text_font_size=&#8221;18px&#8221; text_line_height=&#8221;30px&#8221; custom_padding_tablet=&#8221;&#8221; custom_padding_phone=&#8221;|5vw||5vw|false|true&#8221; custom_padding_last_edited=&#8221;on|phone&#8221; global_colors_info=&#8221;{}&#8221;]</p>
<p><strong>Mᵉ Frédéric Sabourin-Côté</strong><br />Senior Associate Lawyer<br /><a href="mailto:fsabourincote@ftkpavocats.com">fsabourincote@ftkpavocats.com</a><br /><a href="tel:514-394-7496">(514) 394-7496 #2309</a></p>
<p>[/et_pb_text][et_pb_social_media_follow _builder_version=&#8221;4.27.4&#8243; _module_preset=&#8221;default&#8221; hover_enabled=&#8221;0&#8243; locked=&#8221;off&#8221; global_colors_info=&#8221;{}&#8221; sticky_enabled=&#8221;0&#8243;][et_pb_social_media_follow_network social_network=&#8221;linkedin&#8221; url=&#8221;https://www.linkedin.com/in/fr%C3%A9d%C3%A9ric-sabourin-c%C3%B4t%C3%A9-4265b3198/&#8221; use_icon_font_size=&#8221;on&#8221; icon_font_size=&#8221;19px&#8221; _builder_version=&#8221;4.27.4&#8243; _module_preset=&#8221;default&#8221; background_color=&#8221;#007bb6&#8243; hover_enabled=&#8221;0&#8243; global_colors_info=&#8221;{}&#8221; follow_button=&#8221;off&#8221; url_new_window=&#8221;on&#8221; sticky_enabled=&#8221;0&#8243;]linkedin[/et_pb_social_media_follow_network][/et_pb_social_media_follow][/et_pb_column][et_pb_column type=&#8221;3_5&#8243; _builder_version=&#8221;4.16&#8243; _module_preset=&#8221;default&#8221; global_colors_info=&#8221;{}&#8221;][et_pb_text _builder_version=&#8221;4.21.0&#8243; _module_preset=&#8221;default&#8221; text_line_height=&#8221;20px&#8221; text_orientation=&#8221;justified&#8221; custom_padding_tablet=&#8221;&#8221; custom_padding_phone=&#8221;|5vw||5vw|false|true&#8221; custom_padding_last_edited=&#8221;on|phone&#8221; global_colors_info=&#8221;{}&#8221;]</p>
<p>Mᵉ Frédéric Sabourin-Côté focuses his practice on family law and youth protection since the very beginning of his career. He obtained his law degree from Université Laval and distinguished himself during his studies by participating in the university&#8217;s legal clinic, where he accompanied his clients with empathy.</p>
<p>Mᵉ Sabourin-Côté regularly appears before the Court of Québec and the Superior Court. He has also pleaded in appeal in various instances. He has worked on several high-profile cases, including domestic violence, parental alienation, child relocation requests and divorce cases involving complex financial issues.</p>
<p>Having participated in numerous Settlement Conferences and private mediation sessions presided by retired judges, Mᵉ. Sabourin-Côté guides clients with professionalism in their divorce, child custody and adoption cases, as well as all your disputes involving the Director of Youth Protection.</p>
<p>Mᵉ Sabourin-Côté has developed a solid experience in cases requiring urgent involvement, notably in safeguard orders or requests for immediate protective measures in Youth Division.</p>
<p>[/et_pb_text][/et_pb_column][/et_pb_row][/et_pb_section]</p>

<p>Mᵉ Frédéric Sabourin-CôtéMᵉ Frédéric Sabourin-CôtéSenior Associate Lawyerfsabourincote@ftkpavocats.com(514) 394-7496 #2309Mᵉ Frédéric Sabourin-Côté focuses his practice on family law and youth protection since the very beginning of his career. He obtained his law degree from Université Laval and distinguished himself during his studies by participating in the university&#8217;s legal clinic, where he accompanied his clients with empathy. [&hellip;]</p>
